 = 2 - 1. What is h(l)?
10
Suppose 6*v = v. Let m = v + 5. Let q(d) = d - 4*d + 2*d. Give q(m).
-5
Let c(m) be the third derivative of 0*m + 0 + 1/24*m**4 + 1/60*m**5 + 6*m**2 - 1/6*m**3. What is c(0)?
-1
Let c = -7 + 11. Let h(j) = 0*j - 5*j + c*j + 3. Let w be h(-3). Let f(x) = x**3 - 6*x**2 - 2*x + 9. What is f(w)?
-3
Let l(f) be the first derivative of -f**4/4 + 8*f**3/3 - 5*f**2/2 + 5*f + 9. Determine l(7).
19
Let c(g) be the first derivative of g**2/2 - 6*g + 13. Let a be (7 + -1)*1/2. Suppose 2*m - 2 = -v - 4, -3*m = -3*v + a. What is c(v)?
-6
Let o(a) = 3*a**2 + 5*a - 12*a**3 - 3*a + 8*a**3 + 3 + 5*a**3. What is o(-3)?
-3
Suppose -27 = -2*w + 5*l, -31 = 5*l - 6. Suppose 26 = 3*b - 5*t, -2*b - 5*t = 2*b - 23. Let d(y) = 3*y**2 + y**2 + 4*y - 2*y + b*y**3 - 1 - 6*y**2. Give d(w).
6
Let x(j) be the second derivative of j + 0 + 1/20*j**5 - 7/6*j**3 + 5/12*j**4 - 1/2*j**2. Determine x(-6).
5
Suppose -2*o + 0*o + 136 = 4*f, 5*f - 176 = -4*o. Suppose -11 = -3*b - f. Let p(i) = -i - 12. Let z be p(b). Let m(n) = -n**2 - 5*n + 2. What is m(z)?
2
Let q(r) = r**2 + 1. Let j(y) = 11*y**2 - 6*y - 5. Let i(n) = -n**2 + n + 1. Let l(f) = 6*i(f) + j(f). Let p(v) = -l(v) + 2*q(v). Determine p(1).
-2
Suppose 0 = 2*y + 3*y. Let j(g) = g + 7. Let u(b) = b + 8. Let p = 3 + -6. Let x(w) = p*j(w) + 4*u(w). Determine x(y).
11
Let v(o) = 0 + 6*o - 2 + o - 14*o. Calculate v(3).
-23
Let t(s) be the second derivative of -s**4/12 - s**3 - 5*s**2/2 + 50*s. Let i = 7 + -11. Give t(i).
3
Let w(l) = 7*l**2. Let p = 2 - -2. Suppose 0 = k + d + p, 2*k - 6*d - 4 = -4*d. Determine w(k).
7
Let y(u) = u - 3. Let x(t) = t - 4. Let o(j) = -4*x(j) + 5*y(j). Let g be (3/(-5))/(((-8)/2)/(-20)). Calculate o(g).
-2
Suppose 3*f + 0*f = 30. Suppose -10 = -5*g + f. Let c(y) = -y**3 + 3*y**2 + 5*y - 2. Determine c(g).
2
Suppose -1 = 4*r - 9. Suppose -r*q = 2, 0*q - 3*q + 12 = 5*v. Let d(a) = -a**2 + a - 3. Determine d(v).
-9
Let r(q) be the second derivative of 1/12*q**4 + 1/2*q**3 - 5*q - 1/2*q**2 + 0. Give r(-3).
-1
Suppose -12*o + 9*o + 6 = 0. Let w(k) = 3*k + 1. Determine w(o).
7
Suppose 0 = 5*b + 5, 6 + 2 = o - 5*b. Let z(i) = -2*i**2 + i + 4*i - 4*i - o*i**3. Calculate z(1).
-4
Let w = 13 - 17. Suppose 5*i - 25 = 5. Let s(z) = -z**2 - 5*z - 7. Let m(g) = -g**2 - 5*g - 8. Let o(k) = i*s(k) - 5*m(k). What is o(w)?
2
Suppose 30*y - 25*y - 20 = 0. Let c(a) = a**2 + 4*a - 1. Calculate c(y).
31
Let i(n) = 2*n**2 - 4*n**2 + 6*n + n**2 - 3. Let y be (5 - (-2 - -1))*1. Suppose y = 3*u - u. Calculate i(u).
6
Let t(z) = z**3 + 5*z**2 - 3. Suppose s + 4*u = 2*s + 7, 4*s - u = -13. What is t(s)?
15
Let u(z) = z**2 - 5*z + 4. Let i be u(3). Let d(f) = f - 2*f**2 - 50 + 48 - 3*f. What is d(i)?
-6
Let y(h) be the second derivative of -h**4/12 + 3*h**2 + 5*h. Determine y(0).
6
Let j(y) be the first derivative of -y**3/3 - y**2/2 + 3. Let g be ((-1)/(-1))/(3/12). Suppose 4*r + g = -0. Determine j(r).
0
Let c(y) = y**3 - 4*y**2 - 3*y - 5. Let o be c(5). Let b be (-3)/(-15) - 1/o. Let g be (6 + -6)/(1 - b). Let m(z) = -z**2 - z + 6. Determine m(g).
6
Let i(z) = -z**2 + 3*z. Let m(g) = g + 12. Let d be m(-9). What is i(d)?
0
Let m(l) be the first derivative of -l**3/3 - 2*l**2 + l - 4. Let z be ((-3)/2)/((-7)/(-14)). Determine m(z).
4
Let s(g) = g**2 - 5*g - 10. Suppose 5*d = 2*k - 7, 4*d + 3*k + 15 = -9. Let y be d*-7*4/12. Give s(y).
4
Let y(k) = k - 1. Suppose 4*n - 4*u = 16, -3*n - 2*n - 20 = 3*u. Let r be 2 + 4 + (n - 0). Calculate y(r).
4
Let m(k) = 2*k - 5. Let f(l) = 3*l - 11. Let v(h) = -2*f(h) + 5*m(h). Determine v(3).
9
Let x be 3/2*(-80)/24. Let v(o) = 2 + 6*o - 2 + o**2. Give v(x).
-5
Let r = -12 - -17. Suppose -4*k - 2*k + 18 = 0. Let n(h) = -3*h**2 + h**k + 6*h - 3*h**2 - 5 + 5 - 5. Calculate n(r).
0
Let j be (-2)/8 + 13/4. Let m be 0 + -2 + (-3)/j. Let i(c) = c - c + c + 0. What is i(m)?
-3
Let m be 2/(2*(-2)/(-8)). Let j(q) = 1 + 5*q + 2 - 4*q. Determine j(m).
7
Let o(d) = -4*d**2 + 8*d + 5*d - 11*d + d**3. Determine o(3).
-3
Let s = 7 - 8. Let z(q) = -2*q**3 + q**2 - 1. Determine z(s).
2
Let z(i) = i**2 - 6*i + 3. Let s(b) = -b + 2. Let l be s(0). What is z(l)?
-5
Let j(k) = -k**3 + 2*k**2 + 2*k - 2. Let i = 11 + 8. Suppose -3*g + i = t + t, 3*t - 11 = -g. What is j(t)?
2
Let d(k) = -k**2 - k - 2. Let y(b) = 4*b**2 - b + 8. Let p(w) = 3*d(w) + y(w). Let z(f) = -f**2 - 2. Let t be z(0). Let l be (-1)/t - (-6)/4. What is p(l)?
-2
Let c(k) = -7*k. Let g(q) = -q**2 + 2*q. Let b be g(6). Let y(a) = a. Let r(m) = b*y(m) - 3*c(m). What is r(1)?
-3
Let i(z) = 5*z + 3*z - 4*z**2 - z**3 - 2*z. Let p = -1 + 4. Suppose -2*o = 13 - p. Determine i(o).
-5
Let w(s) = 2 - 5*s - 4 + 6*s + 4*s. Suppose 0 = v + 4*q - 13, 2*v - 3*q + 11 + 7 = 0. Calculate w(v).
-17
Let w(u) = u + 5. Let j = -4 + 6. Suppose 3*a + 2*a = 0. Suppose 5*v = -3*s + 5, a = s - 3*v + j*v + 1. Determine w(s).
5
Let i(g) = -g - 5. Suppose f - f - 6*f = 0. Calculate i(f).
-5
Let m = 0 - -1. Let g = -5 - -7. Let h(f) = -1 - 4*f**2 + 16*f - 3*f**g - 14*f. Determine h(m).
-6
Let l(s) = s**2 + 2*s - 5. Suppose -16 = -4*g - 0*g. Suppose -g*f = f + 20. What is l(f)?
3
Let i(r) = r**2 + 6*r - 1. Let w be i(-7). Let c(u) = 2*u - 8. Let q be c(w). Let d(k) = -1 + 0 + k - 4*k + q*k. What is d(3)?
2
Let u(v) = v**3 + 3*v**2 - 4*v. Suppose 0*q - 5*q = -2*k + 19, 2 = -4*q - 5*k. Let r be q*(20/(-12) - -3). Give u(r).
0
Let k be (-4)/(-14) + (-48)/(-28). Let t(q) be the second derivative of 0 + 1/6*q**3 - q - q**k + 1/12*q**4. Give t(0).
-2
Let y(i) = 8*i + 27. Let u be y(-3). Let b(g) = -g**2 + 3*g - 2. Calculate b(u).
-2
Let v(j) = j**2 - 2*j. Let q be -3 - -3 - (-4 - (-1 + -1)). What is v(q)?
0
Let w be (1/3)/((-1)/(-66)). Let o = w + -20. Let b(d) = d**2 + 1. Calculate b(o).
5
Let m(b) = -4*b. Suppose -a + 3 = 3*k - 3, -3*k = 4*a + 12. Give m(a).
24
Let o(d) = d**2 + 5*d - 2. Let w(b) = -b - 2. Let k be w(4). Let n(a) = a**3 + 7*a**2 + 6*a - 4. Let z be n(k). Calculate o(z).
-6
Suppose -4*f - 24 = -5*y, 2*f - 14 = -2*y - 2*y. Let z be (-3)/((-14)/(-8) + f). Let a(i) = 5*i + 0 - i**2 + 2*i**2 + 4. Give a(z).
0
Let h(g) = 5*g**2 + 1. Let w = 14 - 13. What is h(w)?
6
Let y be (10/25*5)/(2/3). Let a(p) = -p**3 + p**2 + 3*p. What is a(y)?
-9
Let v(n) = -1. Let o(q) = 2*q + 1. Let p(w) = o(w) + 2*v(w). Determine p(-1).
-3
Let q(m) = 6*m - 4. Let o(u) = -5*u + 3. Let n(c) = -5*o(c) - 4*q(c). Let i(l) = 12*l**2 + 4*l + 3. Let g(y) = -i(y) + 4*n(y). What is g(1)?
-11
Let c(s) = s**3 - 6*s**2 - 3*s + 4. Let o be (13 - -5)*2/6. Determine c(o).
-14
Let n(z) = -z. Let j = -2 - -2. Let c be n(j). Let v(t) = -t**3 - t + 5. Calculate v(c).
5
Let u be 1/((-18)/24*6/9). Let w(v) = -2*v**2 - 3*v - 2. What is w(u)?
-4
Let y = 15 - 17. Let q(a) = -a - 1. What is q(y)?
1
Suppose 3*x - 6 = -27. Let u(n) = -n - 8. Give u(x).
-1
Let f(n) = 2*n - 1. Let k(b) = -b. Let z(v) = -4*f(v) - 9*k(v). Give z(-5).
-1
Let v(w) be the second derivative of -w**3/6 + 6*w + 4. Determine v(-5).
5
Let l(z) be the second derivative of 0 + 1/2*z**2 + 1/12*z**4 - 5/6*z**3 - 2*z. Suppose 4*f - s - 15 = 3, 16 = 5*f + 2*s. What is l(f)?
-3
Suppose 0*v + 4*v = 4. Let b(s) be the second derivative of 0 - 2*s - 1/6*s**3 + 0*s**4 + 1/2*s**2 - 1/10*s**5. Calculate b(v).
-2
Let i(b) = -3*b + 8. Let d(j) = -2*j + 4 + 7 - 2 - 2. Let x(k) = 7*d(k) - 6*i(k). Calculate x(-1).
-3
Suppose -r + 8 = -t, -5*t - 8 = 5*r + 2. Let n = r - 1. Suppose 0 = n*a + 1 - 3. Let i(c) = 7*c**3 - c + 1. Give i(a).
7
Let j(a) = a**2 + 2*a + 1. Let o = 7 + -3. Suppose 0 = -o*u - 3*c + 7, c + 7 = 5*u - 16. Suppose 4 + u = -4*s. Calculate j(s).
1
Suppose -l + 28 = 3*m + 4*l, -2*l = 4*m - 14. Let w(o) = -2*o + 7. Let a(k) = k - 3. Let d(g) = -5*a(g) - 2*w(g). Calculate d(m).
0
Let f = 7 - 4. Let q(g) = 7*g - 3*g - f - 2*g. Let b = -3 - -5. What is q(b)?
1
Suppose 2*j + 3*r + 0*r - 21 = 0, r - 20 = -5*j. Let u(h) be the third derivative of 0*h**4 + h**j + 0*h - 3*h**2 - 1/120*h**6 + 0 - 1/60*h**5. Calculate u(0).
6
Let x(n) = -n. Let q(h) = 9*h. Suppose 0*y + 2 = 2*y. Let t(f) = y*q(f) + 3*x(f). Suppose -5*z + 5*b + 0 + 20 = 0, -b = 4*z - 1. Give t(z).
6
Let i(m) = -m**3 - 5*m**2 - 4*m + 5. Let q be i(-4). Let a(h) = -h**2 + 5*h - 3. Determine a(q).
-3
Let x(z) be the third derivative of z**6/120 + 7*z**5/60 + z**4/4 +